{"id":5,"date":"2011-06-27T16:30:39","date_gmt":"2011-06-27T16:30:39","guid":{"rendered":"http:\/\/wp.orsakvarn.se\/index.php\/ved-pellets\/"},"modified":"2018-05-28T16:11:40","modified_gmt":"2018-05-28T16:11:40","slug":"ved-pellets","status":"publish","type":"page","link":"https:\/\/orsakvarn.se\/index.php\/ved-pellets\/","title":{"rendered":"Ved &#038; Pellets"},"content":{"rendered":"<p>&nbsp;<\/p>\n<p><img loading=\"lazy\" class=\"alignright size-full wp-image-35\" src=\"https:\/\/orsakvarn.se\/wp-content\/uploads\/2018\/04\/ved1.jpg\" alt=\"\" width=\"300\" height=\"210\" \/><\/p>\n<figure id=\"attachment_36\" aria-describedby=\"caption-attachment-36\" style=\"width: 300px\" class=\"wp-caption alignright\"><img loading=\"lazy\" class=\"wp-image-36 size-full\" src=\"https:\/\/orsakvarn.se\/wp-content\/uploads\/2018\/04\/vedmaskin_01.jpg\" alt=\"\" width=\"300\" height=\"197\" \/><figcaption id=\"caption-attachment-36\" class=\"wp-caption-text\">V\u00e5r vedmaskin<\/figcaption><\/figure>\n<p>Till mycket konkurrenskraftiga priser s\u00e4ljer vi uppkapad ved i stors\u00e4ck eller s\u00e5 fyller vi upp ett helt traktorsl\u00e4p med kapad ved f\u00f6r vidare transport till er fastighet. Vi anv\u00e4nder i huvudsak bj\u00f6rk till v\u00e5r ved men \u00e4ven special\u00f6nskem\u00e5l p\u00e5 t.ex. blandved och barrved tas emot om s\u00e5 \u00f6nskas.<\/p>\n<p>&nbsp;<\/p>\n<p>&nbsp;<\/p>\n<p>&nbsp;<\/p>\n<p><strong>Pellets<\/strong><\/p>\n<figure id=\"attachment_37\" aria-describedby=\"caption-attachment-37\" style=\"width: 300px\" class=\"wp-caption alignright\"><img loading=\"lazy\" class=\"size-full wp-image-37\" src=\"https:\/\/orsakvarn.se\/wp-content\/uploads\/2018\/04\/lyftvedsack1.jpg\" alt=\"\" width=\"300\" height=\"241\" \/><figcaption id=\"caption-attachment-37\" class=\"wp-caption-text\">Utk\u00f6rning av ved &amp; pellets<\/figcaption><\/figure>\n<p>Har du pellets som br\u00e4nsle s\u00e5 \u00e4r Orsa Kvarn r\u00e4tt leverant\u00f6r. Vi s\u00e4ljer b\u00e5de i mindre s\u00e4ckar bekv\u00e4ma att transportera i bil eller s\u00e5 lastar vi p\u00e5 en stors\u00e4ckar p\u00e5 din sl\u00e4pk\u00e4rra. Beh\u00f6vs det ordnar vi naturligtvis \u00e4ven transporten hem till din fastighet. Vi tillhandah\u00e5ller just nu pellets ifr\u00e5n RINDI AB och Neova.<\/p>\n<p>&nbsp;<\/p>\n<p>&nbsp;<\/p>\n<p>&nbsp;<\/p>\n<p>&nbsp;<\/p>\n<p>&nbsp;<\/p>\n<figure id=\"attachment_38\" aria-describedby=\"caption-attachment-38\" style=\"width: 300px\" class=\"wp-caption alignright\"><img loading=\"lazy\" class=\"wp-image-38 size-full\" src=\"https:\/\/orsakvarn.se\/wp-content\/uploads\/2018\/04\/pellets8_11.jpg\" alt=\"\" width=\"300\" height=\"400\" srcset=\"https:\/\/orsakvarn.se\/wp-content\/uploads\/2018\/04\/pellets8_11.jpg 300w, https:\/\/orsakvarn.se\/wp-content\/uploads\/2018\/04\/pellets8_11-225x300.jpg 225w\" sizes=\"(max-width: 300px) 100vw, 300px\" \/><figcaption id=\"caption-attachment-38\" class=\"wp-caption-text\">Pellets \u00e4ven i bekv\u00e4m f\u00f6rpackning<\/figcaption><\/figure>\n<p>Vi p\u00e5 Orsa Kvarn tar endast hem pellets fr\u00e5n bra och etablerade pelletstillverkare. Sl\u00e5 g\u00e4rna en signal och h\u00f6r om vi har din pelletsstorlek hemma p\u00e5 lager. Pellets finns \u00e4ven i stors\u00e4ck.<\/p>\n<p>Dagspriser r\u00e5der p\u00e5 b\u00e5de ved och pellets.<\/p>\n<p>T\u00e4nk p\u00e5 att best\u00e4lla din ved inf\u00f6r n\u00e4sta \u00e5rs vinter i tid!, desto tidigare du best\u00e4ller ju b\u00e4ttre kan vi planera v\u00e5ra vedink\u00f6p och ge dig som kund ett mycket konkurenskraftigt pris!<\/p>\n<p>&nbsp;<\/p>\n<p>&nbsp;<\/p>\n","protected":false},"excerpt":{"rendered":"<div class=\"mh-excerpt\"><p>[[wysiwyg_imageupload:9:height=182,width=273]]Till mycket konkurrenskraftiga priser&nbsp;s\u00e4ljer vi&nbsp;uppkapad ved i stors\u00e4ck eller s\u00e5 fyller vi upp ett helt traktorsl\u00e4p med kapad ved f\u00f6r vidare transport till er fastighet. Vi anv\u00e4nder i huvudsak bj\u00f6rk till v\u00e5r ved men \u00e4ven special\u00f6nskem\u00e5l p\u00e5 t.ex. blandved och barrved&nbsp;tas emot om s\u00e5 \u00f6nskas.<\/p>\n<p><strong>Pellets<\/strong><\/p>\n<\/div>","protected":false},"author":1,"featured_media":0,"parent":0,"menu_order":0,"comment_status":"closed","ping_status":"closed","template":"","meta":[],"_links":{"self":[{"href":"https:\/\/orsakvarn.se\/index.php\/wp-json\/wp\/v2\/pages\/5"}],"collection":[{"href":"https:\/\/orsakvarn.se\/index.php\/wp-json\/wp\/v2\/pages"}],"about":[{"href":"https:\/\/orsakvarn.se\/index.php\/wp-json\/wp\/v2\/types\/page"}],"author":[{"embeddable":true,"href":"https:\/\/orsakvarn.se\/index.php\/wp-json\/wp\/v2\/users\/1"}],"replies":[{"embeddable":true,"href":"https:\/\/orsakvarn.se\/index.php\/wp-json\/wp\/v2\/comments?post=5"}],"version-history":[{"count":22,"href":"https:\/\/orsakvarn.se\/index.php\/wp-json\/wp\/v2\/pages\/5\/revisions"}],"predecessor-version":[{"id":197,"href":"https:\/\/orsakvarn.se\/index.php\/wp-json\/wp\/v2\/pages\/5\/revisions\/197"}],"wp:attachment":[{"href":"https:\/\/orsakvarn.se\/index.php\/wp-json\/wp\/v2\/media?parent=5"}],"curies":[{"name":"wp","href":"https:\/\/api.w.org\/{rel}","templated":true}]}}

<p>&nbsp;</p>
<p><img loading="lazy" class="alignright size-full wp-image-35" src="https://orsakvarn.se/wp-content/uploads/2018/04/ved1.jpg" alt="" width="300" height="210" /></p>
<figure id="attachment_36" aria-describedby="caption-attachment-36" style="width: 300px" class="wp-caption alignright"><img loading="lazy" class="wp-image-36 size-full" src="https://orsakvarn.se/wp-content/uploads/2018/04/vedmaskin_01.jpg" alt="" width="300" height="197" /><figcaption id="caption-attachment-36" class="wp-caption-text">Vår vedmaskin</figcaption></figure>
<p>Till mycket konkurrenskraftiga priser säljer vi uppkapad ved i storsäck eller så fyller vi upp ett helt traktorsläp med kapad ved för vidare transport till er fastighet. Vi använder i huvudsak björk till vår ved men även specialönskemål på t.ex. blandved och barrved tas emot om så önskas.</p>
<p>&nbsp;</p>
<p>&nbsp;</p>
<p>&nbsp;</p>
<p><strong>Pellets</strong></p>
<figure id="attachment_37" aria-describedby="caption-attachment-37" style="width: 300px" class="wp-caption alignright"><img loading="lazy" class="size-full wp-image-37" src="https://orsakvarn.se/wp-content/uploads/2018/04/lyftvedsack1.jpg" alt="" width="300" height="241" /><figcaption id="caption-attachment-37" class="wp-caption-text">Utkörning av ved &amp; pellets</figcaption></figure>
<p>Har du pellets som bränsle så är Orsa Kvarn rätt leverantör. Vi säljer både i mindre säckar bekväma att transportera i bil eller så lastar vi på en storsäckar på din släpkärra. Behövs det ordnar vi naturligtvis även transporten hem till din fastighet. Vi tillhandahåller just nu pellets ifrån RINDI AB och Neova.</p>
<p>&nbsp;</p>
<p>&nbsp;</p>
<p>&nbsp;</p>
<p>&nbsp;</p>
<p>&nbsp;</p>
<figure id="attachment_38" aria-describedby="caption-attachment-38" style="width: 300px" class="wp-caption alignright"><img loading="lazy" class="wp-image-38 size-full" src="https://orsakvarn.se/wp-content/uploads/2018/04/pellets8_11.jpg" alt="" width="300" height="400" srcset="https://orsakvarn.se/wp-content/uploads/2018/04/pellets8_11.jpg 300w, https://orsakvarn.se/wp-content/uploads/2018/04/pellets8_11-225x300.jpg 225w" sizes="(max-width: 300px) 100vw, 300px" /><figcaption id="caption-attachment-38" class="wp-caption-text">Pellets även i bekväm förpackning</figcaption></figure>
<p>Vi på Orsa Kvarn tar endast hem pellets från bra och etablerade pelletstillverkare. Slå gärna en signal och hör om vi har din pelletsstorlek hemma på lager. Pellets finns även i storsäck.</p>
<p>Dagspriser råder på både ved och pellets.</p>
<p>Tänk på att beställa din ved inför nästa års vinter i tid!, desto tidigare du beställer ju bättre kan vi planera våra vedinköp och ge dig som kund ett mycket konkurenskraftigt pris!</p>
<p>&nbsp;</p>
<p>&nbsp;</p>

<div class="mh-excerpt"><p>[[wysiwyg_imageupload:9:height=182,width=273]]Till mycket konkurrenskraftiga priser&nbsp;säljer vi&nbsp;uppkapad ved i storsäck eller så fyller vi upp ett helt traktorsläp med kapad ved för vidare transport till er fastighet. Vi använder i huvudsak björk till vår ved men även specialönskemål på t.ex. blandved och barrved&nbsp;tas emot om så önskas.</p>
<p><strong>Pellets</strong></p>
</div>
